5)?
-71
Let d(y) = -y**2 - 4*y + 15. Calculate d(-6).
3
Let n(j) = -j**3 - 7*j**2 - 9. Give n(-7).
-9
Let v(c) = -c**2 - 2*c + 1. What is v(-1)?
2
Let x(v) = -2*v**2 - 37*v - 65. Determine x(-17).
-14
Let p(x) = x**2 - 2*x - 5. Calculate p(4).
3
Let i(v) = v + 9. What is i(-5)?
4
Let n(q) = 137*q - 4. Calculate n(1).
133
Let p(n) = n**2 + 3*n - 1. Determine p(3).
17
Let m(j) = -j**3 - 8*j**2 - 8*j - 20. Determine m(-6).
-44
Let p(q) = q**2 - 3*q + 3. Determine p(5).
13
Let o(n) = n - 9. Determine o(12).
3
Let g(k) = -10*k. Calculate g(2).
-20
Let g(q) = q**2 - 14*q + 44. Give g(9).
-1
Let y(a) = -3*a + 15. Calculate y(6).
-3
Let a(l) = 2*l**2 + 18*l + 5. What is a(-5)?
-35
Let t(d) = -3*d + 16. Calculate t(7).
-5
Let h(a) = -7*a - 3. Calculate h(5).
-38
Let g(f) = f - 4. Give g(-3).
-7
Let m(w) = -4*w + 25. Calculate m(6).
1
Let r(a) = -a**2 - 15*a - 38. Give r(-12).
-2
Let b(l) = 3*l + 24. Calculate b(-10).
-6
Let a(r) = r**2 - 12*r + 1. Determine a(11).
-10
Let g(o) = -39*o - 79. Give g(-2).
-1
Let t(r) = -r**2 + 31*r + 67. Calculate t(32).
35
Let v(a) = 3*a**2 - 70*a + 21. Determine v(22).
-67
Let i(h) = -h**2 - 16*h - 23. What is i(-15)?
-8
Let f(v) = 2*v**2 + 19*v + 15. Give f(-9).
6
Let x(m) = 3*m**2 - 91*m + 177. Calculate x(2).
7
Let a(c) = -c**2 + 12*c + 3. Determine a(12).
3
Let l(n) = -n**3 + 35*n**2 + 33*n + 110. Calculate l(36).
2
Let b(l) = 3*l - 30. Calculate b(12).
6
Let g(x) = 28*x**3 + 2*x**2 - 1. What is g(-1)?
-27
Let p(o) = -28*o + 121. Calculate p(4).
9
Let w(n) = n**2 + 16*n + 42. Give w(-12).
-6
Let f(i) = -i**2 + 18*i - 5. Calculate f(15).
40
Let i(k) = 11*k + 86. Determine i(-8).
-2
Let o(r) = 2*r + 37. Give o(-21).
-5
Let j(h) = -h - 2. What is j(7)?
-9
Let c(n) = 2*n**2 + 9*n. Determine c(-6).
18
Let p(x) = -3*x**2 + 14*x + 137. Give p(-5).
-8
Let d(v) = -8*v**2 + 2*v + 1. What is d(-2)?
-35
Let c(f) = -9*f + 69. Give c(14).
-57
Let l(j) = 14*j + 59. What is l(-4)?
3
Let n(i) = -33*i**2 + 4*i - 2. Calculate n(1).
-31
Let q(u) = u**3 - u**2 + 2*u + 16. Give q(0).
16
Let r(n) = -n - 28. What is r(-9)?
-19
Let k(q) = -5*q**2 - 179*q + 29. Calculate k(-36).
-7
Let c(d) = -5*d + 76. What is c(7)?
41
Let h(y) = -2*y**3 + 3*y**2 + y + 3. What is h(3)?
-21
Let v(w) = w**2 + 15*w + 7. Determine v(-12).
-29
Let w(g) = g**3 + 33*g**2 - 34*g + 27. Give w(-34).
27
Let x(d) = 5*d + 5. Give x(-7).
-30
Let t(v) = v**3 - 4*v**2 - 2*v + 8. Calculate t(4).
0
Let m(f) = -f**2 + 2*f. Give m(-2).
-8
Let u(g) = -g**2 - 22*g - 25. Give u(-22).
-25
Let r(c) = 6*c - 88. Determine r(17).
14
Let m(a) = -a**3 + 9*a**2 + 3. Determine m(0).
3
Let f(d) = 3*d - 94. Give f(5).
-79
Let o(y) = 4*y - 29. What is o(5)?
-9
Let b(z) = -2*z**2 - 37*z - 45. Give b(-17).
6
Let w(u) = -6*u + 20. Give w(7).
-22
Let l(g) = -g**3 - 10*g**2 - 7*g - 6. What is l(-4)?
-74
Let v(j) = j**3 + 2*j**2 - 8*j - 3. Determine v(-3).
12
Let v(n) = n**2 - 14*n + 17. Determine v(13).
4
Let v(g) = -g**3 - g**2 - g + 11. What is v(0)?
11
Let r(w) = -w**2 + 14*w - 4. Determine r(14).
-4
Let q(o) = -26*o + 186. Determine q(7).
4
Let c(x) = 2*x**2 + 107*x - 160. Calculate c(-55).
5
Let d(r) = r**2 + 3*r - 26. Calculate d(-7).
2
Let a(d) = -d**3 - 9*d**2 + 8*d - 1. Give a(-10).
19
Let o(u) = u**3 - u - 4. Calculate o(0).
-4
Let b(d) = 67*d - 198. Give b(3).
3
Let o(q) = -3*q + 50. What is o(0)?
50
Let j(r) = r**3 - 2*r**2 - 2*r + 8. Calculate j(4).
32
Let s(q) = -q**2 - 10*q - 5. Determine s(-11).
-16
Let s(i) = i**3 + 3*i**2 - 2*i + 5. Give s(-4).
-3
Let o(l) = l**3 + 19*l**2 + 46*l - 30. Determine o(-16).
2
Let h(x) = x**3 + 2*x**2. Calculate h(0).
0
Let c(j) = -4*j - 17. Give c(0).
-17
Let s(u) = -u**3 + 8*u**2 + 8. Determine s(8).
8
Let w(o) = o**3 + 2*o**2 - 3*o - 12. Give w(-3).
-12
Let y(c) = -3*c**2 - 26*c + 7. Calculate y(-8).
23
Let f(z) = -10*z + 90. Give f(7).
20
Let p(n) = 13*n + 13. Give p(-2).
-13
Let v(b) = 2*b**2 - 14*b - 7. Determine v(8).
9
Let h(j) = -6*j - 73. What is h(-5)?
-43
Let g(h) = h + 4. What is g(-3)?
1
Let f(q) = 14*q + 36. Determine f(-7).
-62
Let f(o) = -9*o**2 - o - 1. Calculate f(-1).
-9
Let i(w) = -w**2 - 5*w + 40. Determine i(-10).
-10
Let j(w) = -12*w**2 - 191*w + 13. Give j(-16).
-3
Let t(u) = -u**2 + 33*u + 1. Calculate t(34).
-33
Let p(v) = -v**2 - 6*v - 5. Give p(-4).
3
Let y(s) = -s**2 + 7*s + 17. Determine y(8).
9
Let o(p) = p**2 + 3*p + 3. Determine o(-6).
21
Let b(g) = 7*g - 13. Calculate b(-6).
-55
Let h(l) = 3*l**2 - 2*l - 10. What is h(-4)?
46
Let u(m) = -m**2 + 13*m - 20. Calculate u(5).
20
Let u(b) = -12*b - 62. What is u(-7)?
22
Let o(m) = 13*m**2 - 4*m - 4. What is o(-2)?
56
Let v(x) = -3*x + 6. Give v(-5).
21
Let q(b) = -b**3 - 6*b**2 + 3*b - 7. Calculate q(-7).
21
Let f(c) = -2*c**2 - 6*c - 20. What is f(-4)?
-28
Let g(l) = -l**2 - 3. Determine g(3).
-12
Let n(z) = -z**3 + 14*z**2 + 17*z - 21. Give n(15).
9
Let o(d) = -24*d. Calculate o(-1).
24
Let w(k) = k**2 - 22*k + 16. Give w(21).
-5
Let d(u) = 4*u**3 + u**2. Calculate d(1).
5
Let y(s) = -s + 12. What is y(17)?
-5
Let p(v) = v**2 - 3*v + 15. What is p(5)?
25
Let v(l) = l**2 + l + 16. What is v(-6)?
46
Let c(v) = -17*v + 5. Calculate c(-1).
22
Let c(f) = f**2 - 12*f - 1. Give c(11).
-12
Let f(p) = p**2 - 15*p - 35. Give f(19).
41
Let p(h) = -h**2 + 12*h - 30. What is p(7)?
5
Let x(q) = -q**2 + 5*q + 49. Determine x(11).
-17
Let i(t) = -2*t + 9. Calculate i(-4).
17
Let s(o) = 4*o - 22. What is s(13)?
30
Let o(q) = -3*q - 2. Calculate o(-9).
25
Let c(x) = x**3 + 10*x**2 + 14*x - 15. Give c(-8).
1
Let w(p) = 2*p + 59. Give w(-32).
-5
Let f(b) = -b**2 - 11*b - 24. Calculate f(-6).
6
Let n(h) = -h**3 - 9*h**2 + 11*h - 2. Calculate n(-10).
-12
Let u(k) = 5*k + 18. Determine u(-4).
-2
Let p(d) = d**3 + 4*d**2 - d - 3. Determine p(-4).
1
Let o(j) = -2*j**2. Calculate o(2).
-8
Let x(f) = f**3 + 8*f**2 + 14*f - 6. Calculate x(-5).
-1
Let n(d) = -16*d + 54. Give n(8).
-74
Let j(y) = -y**2 - 12*y - 36. Determine j(-5).
-1
Let a(c) = -c**3 - 17*c**2 - 17*c - 21. Calculate a(-16).
-5
Let k(v) = -2*v - 2. Calculate k(2).
-6
Let i(m) = m**2 + 20*m - 17. What is i(-20)?
-17
Let h(w) = 2*w**2 - 2*w - 29. Give h(-5).
31
Let s(i) = -100*i**2 - i + 1. Determine s(1).
-100
Let o(i) = -48*i**2 + 2*i + 1. What is o(-1)?
-49
Let t(s) = -35*s + 173. Give t(5).
-2
Let i(j) = -2*j**2 - 19*j + 46. What is i(3)?
-29
Let d(m) = -2*m**3 - 10*m**2 - 2*m. Calculate d(-5).
10
Let y(j) = 3*j - 26. Determine y(9).
1
Let d(c) = -4*c - 26. Give d(-7).
2
Let j(i) = -13*i + 66. Give j(5).
1
Let a(l) = 5*l**2 - l - 1. What is a(2)?
17
Let c(p) = -p**2 + 43*p + 108. Give c(45).
18
Let g(y) = -y**3 + 9*y**2 - 2*y + 27. Determine g(9).
9
Let z(a) = -73*a**3 + a**2 + a. What is z(1)?
-71
Let l(f) = -3*f + 1. Calculate l(3).
-8
Let p(m) = m**2 - 14*m + 9. Calculate p(14).
9
Let b(h) = -h**3 + 19*h**2 + 18*h + 4. Calculate b(20).
-36
Let p(k) = -23*k + 3. Determine p(-1).
26
Let a(o) = -o**3 - 8*o**2 + 29*o + 20. Give a(-11).
64
Let u(i) = 3*i**3 - 2*i**2 + i. Calculate u(3).
66
Let k(u) = 6*u**3 + 53*u**2 - 15*u - 35. Calculate k(-9).
19
Let i(c) = 2*c**3 - 27*c**2 + 22*c - 123. Give i(13).
-6
Let r(b) = 13*b**3 - b**2 + 1. Give r(-1).
-13
Let g(o) = -o**2 + 3*o - 6. Determine g(3).
-6
Let v(g) = -g**2 - g + 6. Calculate v(-3).
0
Let c(t) = -4*t**2 + 7*t - 6. Calculate c(4).
-42
Let m(q) = -6*q - 8. Calculate m(-7).
34
Let y(o) = -o**3 + 11*o**2 + 17*o - 54. Calculate y(12).
6
Let z(b) = -b - 4. What is z(-3)?
-1
Let i(x) = 4*x - 34. Determine i(8).
-2
Let v(z) = -z**3 + 15*z**2 - z + 24. Give v(15).
9
Let o(d) = -d**3 - 13*d**2 - 25*d - 10. Determine o(-11).
23
Let t(g) = -g**2 - 2*g + 2. What is t(-4)?
-6
Let r(n) = -12*n + 327. What is r(26)?
15
Let l(n) = -2*n**2 - n + 2. Give l(-4).
-26
Let l(s) = s**2 - 8*s + 1. Calculate l(5).
-14
Let y(p) = p + 31. Determine y(-24).
7
Let n(r) = -87*r**3 + 7*r**2 + 7*r + 1. Determine n(-1).
88
Let s(g) = -g**2 - 3*g - 25. Calculate s(0).
-25
Let v(k) = k**3 + 18*k**2 + 15*k - 16. Give v(-17).
18
Let r(s) = 3*s. Give r(-2).
-6
Let j(v) = -v**3 - 2*v**2 - 1. Calculate j(-2).
-1
Let z(s) = 2*s**3 + 29*s**2 + 8*s - 14. Calculate z(-14).
70
Let z(x) = -x**2 - 14*x - 8. Calculate z(-11).
25
Let k(q) = -17*q - 144. Give k(-9).
9
Let c(q) = 4*q**2 + 44*q + 41. Determine c(-1).
1
Let